(24/492). Calculate the highest common factor of h and 41.
41
Let c(a) = 0*a**2 - a - 16 + 24*a**2 + 7*a. Let o be c(-4). Calculate the highest common divisor of 43 and o.
43
Let f = 269 + -224. Calculate the highest common divisor of f and 5.
5
Suppose -g - 4*g + 3*i - 5 = 0, 2*g - 4*i = -2. Let u be 0 + -4 + (g - -34). Calculate the highest common factor of u and 319.
29
Let i = 8 + 0. Let u be 9/(-21) - (-38)/7. Let b be u + 22 - (4 + -1). Calculate the highest common divisor of b and i.
8
Let d be -69*(-8 + 6 - 2/(-3)). What is the highest common factor of 69 and d?
23
Suppose -198 = 6*r - 1008. Calculate the highest common factor of r and 225.
45
Suppose 0 = -3*h + 3*k + 222, 72 = h - 5*k - 22. Let f be (0 + 0 - 0) + 46. What is the highest common divisor of h and f?
23
Suppose u = 4*d - 5, 3*d = u + u + 5. Let v be (-67 + u)/(22/(-33)). Calculate the highest common factor of v and 68.
34
Suppose -3*s + 33 = -5*v, 0 = -0*s - 2*s - v + 22. Let h(x) = x - 7. Let g be h(5). Let f = g + s. What is the greatest common divisor of f and 63?
9
Let p be ((-3)/(-1) - 4) + (0 - -8). Suppose p*s - 9*s + 32 = 0. What is the highest common factor of 144 and s?
16
Suppose 42*b - 22*b - 840 = 0. What is the highest common factor of b and 1386?
42
Suppose 3*t + 3 = d, -2*d - 2 = -t - 8. Suppose 5 - 13 = -d*p - w, 0 = -4*p + 3*w - 11. Suppose 5 = 4*z + p. What is the highest common divisor of z and 10?
1
Let x be 3/(-15) - (-498)/(-10). Let l be (-455)/15 + (-2)/3. Let i = l - x. Calculate the greatest common factor of 133 and i.
19
Suppose -4*z = 11 - 39. Suppose 0 = -z*o + 4*o + 36. What is the highest common divisor of o and 84?
12
Let p be 6 + 12 + -9 - (-2 + 1). What is the greatest common factor of 25 and p?
5
Suppose 0 = 3*i + 4*o - 29, 12 = 3*o - 3. Suppose -423 = -3*n + x, 5*n - i*x + x = 706. Calculate the highest common divisor of 20 and n.
20
Let f = 173 - 293. Let b be 6/(-1)*f/9. Suppose -14 + 4 = -n. What is the highest common factor of b and n?
10
Let u(p) = -3*p**3 + 11*p**2 + p - 6. Let q be u(-2). What is the highest common factor of q and 40?
20
Let c(h) = 9*h**2 - h - 12. Let w(g) = g**3 + g**2 - 2*g + 4. Let k be w(0). Let j be c(k). What is the highest common factor of 32 and j?
32
Let u(o) = -3*o + 8. Let q be u(8). Let w be 4*1 - (-16)/q. Suppose w*i = 87 + 24. Calculate the greatest common divisor of i and 333.
37
Suppose -3360 = -52*c + 12*c. What is the highest common divisor of c and 105?
21
Suppose 11*f = 20*f + 27. Let p = 16 + f. What is the highest common factor of p and 117?
13
Let u = -1007 - -1805. Calculate the highest common factor of u and 56.
14
Let p(j) = -11*j**2 + 12*j + 14. Let w(v) = -v**2 + v + 1. Let o(n) = -2*p(n) + 18*w(n). Let x be o(5). Calculate the greatest common factor of x and 15.
15
Let g(z) = -z**3 - 7*z**2 - 6*z - 2. Let q be g(-6). Let n be 7/(-4)*80/q. Calculate the greatest common factor of n and 35.
35
Let k(b) = -b**3 + 13*b**2 - 5*b - 11. Let z be k(12). Let s be z + 15 + -1*4. Let h = -67 - -95. What is the greatest common divisor of h and s?
28
Let m(a) = 6*a**2 - a. Let g be m(-1). Let v(d) = d**3 + 14*d**2 + 4*d + 9. Let l be v(-14). Let r = -33 - l. Calculate the highest common factor of r and g.
7
Let n(p) = 22*p**2 - 12*p + 31. Let m be n(2). Calculate the greatest common divisor of 20 and m.
5
Suppose -5*n + 2298 = u, 5*u - n - 7780 = 3840. Calculate the highest common factor of u and 23.
23
Suppose 471*b = 476*b - 795. What is the highest common divisor of 424 and b?
53
Suppose -3*t + 0*l = -4*l - 7, -2*t = l - 1. Suppose -6*b + b + 20 = 0. Calculate the highest common divisor of t and b.
1
Let p(i) = i**3 - 29*i**2 + 77*i + 40. Let b be p(26). What is the greatest common factor of b and 266?
14
Suppose k - 43 + 11 = 0. Let s = 38 + -22. Let b be (640/s)/((-2)/(-4)). What is the greatest common divisor of b and k?
16
Suppose 18 = 6*f - 3*f. Let m = 50 - 20. What is the greatest common divisor of f and m?
6
Let u = 59 - 25. Suppose 576 = u*m - 30*m. Calculate the highest common divisor of 24 and m.
24
Let p = 10 - 8. Suppose 0 = -v + 4, -4*t = -p*t - v - 166. What is the greatest common factor of 17 and t?
17
Suppose -m = -2*f + 3495, 3*f - 5229 = -56*m + 53*m. What is the highest common factor of f and 18?
18
Suppose 0*z = z + t - 79, -4*z + t + 301 = 0. What is the highest common divisor of z and 8?
4
Suppose 24 = v + 2*v. Let t(q) = q**2 - 4. Let c be t(v). Calculate the greatest common factor of 12 and c.
12
Let h be -1*1/(4/(-24)). Let c be (77/(-66))/((-1)/h). Suppose c*o - 4*o = -5*v + 46, -2*o - 4 = -v. Calculate the highest common factor of v and 24.
8
Suppose 0*b = -4*b + 3*t + 564, 0 = 2*b - 2*t - 280. What is the highest common factor of b and 12?
12
Let d(j) = j**2 - 23*j + 14. Let u be d(15). Let f = 166 + u. Suppose f = 12*t - 8*t. What is the greatest common factor of 165 and t?
15
Suppose 50*l + 525 - 17625 = 0. What is the highest common factor of 198 and l?
18
Suppose 40 = 2*f - 144. Let d = 170 - f. Suppose 5*r = -3*v + d - 7, v + 4*r - 12 = 0. Calculate the greatest common divisor of v and 96.
32
Let l be (-1 + -33)*21/(-42). Suppose 5 = -16*i + l*i. Calculate the highest common divisor of 45 and i.
5
Let b(o) = 4*o**3 - 3*o**2 + o - 2. Let j be b(2). Suppose 0 = -2*y + 2*f, 6*y + 10 = 4*f + 20. What is the highest common factor of j and y?
5
Suppose 34*d - 1788 = 2190. What is the greatest common factor of 156 and d?
39
Suppose 5*p - 1060 + 106 = 4*l, -3*l = -p + 182. Let y = p - 137. What is the greatest common divisor of y and 19?
19
Suppose -3*r = -4*y - 16, 0 = -2*r + r - 5*y + 37. Let p be 1298/6 + 8/r. What is the highest common factor of 31 and p?
31
Let w = -6 - -45. What is the greatest common factor of w and 65?
13
Suppose -5*o + 123 = 5*d - 3*d, -8*d - 5*o + 417 = 0. What is the greatest common factor of 14 and d?
7
Suppose o + 17 = -386. Let d = -88 - o. What is the greatest common factor of d and 35?
35
Suppose 4*i + 17 = 185. Let o(x) = -26*x + 132. Let g be o(4). Calculate the greatest common divisor of i and g.
14
Let h be -21*6/28*(-1 + -67). Calculate the greatest common divisor of h and 2.
2
Let r be ((-15)/10)/(1/16). Let t be (0 + 2)/((-3)/r). Let u be 18/(-12) + 70/4. What is the highest common factor of t and u?
16
Let c be -5 - (-3 - -2) - -28. Let b = 46 + -22. What is the highest common factor of c and b?
24
Let w(f) = 5*f**2 + 9. Let a be w(-3). What is the highest common divisor of a and 594?
54
Let d be 12/28 - 8/(-14). Let b(s) = -1 - 2*s + 3*s**2 + 9*s**2 - d. Let z be b(2). Calculate the greatest common divisor of 63 and z.
21
Suppose 0 = -14*f + 116 + 52. Calculate the greatest common divisor of f and 348.
12
Let z be (-1)/(-2) - (6153/6)/(-7). Let w = 44 + -23. What is the greatest common factor of z and w?
21
Let u be (-8)/(-2)*987/28 - 0. Let n be (-3)/(-9)*3*47. What is the highest common divisor of u and n?
47
Let v = -232 - -253. Calculate the highest common divisor of 483 and v.
21
Suppose 2*d - 80 = 98. Let z = -73 + d. Calculate the highest common divisor of z and 176.
16
Suppose -4 = -f + 1. Suppose -3*q = 2*q - 10, f*q = 2*y - 14. Calculate the highest common divisor of y and 48.
12
Let j = -70 - -74. Suppose -14 = 3*l - c - 34, -j*c + 48 = 4*l. What is the greatest common divisor of l and 28?
4
Let f = -550 - -942. What is the highest common factor of 56 and f?
56
Let l = 14 + -6. Let s(x) = 4*x**2 - 63*x + 61. Let t be s(15). What is the highest common factor of t and l?
8
Let i be (-1 - (-75)/(-9))/(4/(-18)). Suppose -p = 2*p - i. What is the greatest common factor of 56 and p?
14
Let w = 296 - 463. Let s = w - -255. Let b = -58 + s. Calculate the highest common factor of 6 and b.
6
Suppose 3*l + 4*n = -16 + 4, 5*l + 3 = -n. Let u = l - -1. Let c(a) = 10*a - 25. Let r be c(3). What is the greatest common factor of u and r?
1
Let k = 5 + -2. Suppose k*y - 8 - 7 = 0. Let m(n) = -2*n**2 + 11*n + 5. Let q be m(y). What is the highest common factor of 80 and q?
10
Let v = -42 + 48. What is the highest common divisor of v and 39?
3
Suppose 0 = 2*j - 211 + 119. What is the highest common factor of j and 621?
23
Suppose -175*d = -179*d - 8. Let i be -4 + 7 - 3 - 24/d. What is the highest common divisor of 228 and i?
12
